t derivative of q**3/3 + 2*q**2 + 11*q + 186232. Give l(w).
16
Let g(s) = 2*s**2 + 7*s - 3. Let m(p) = 9*p + 35. Let d be m(-2). Suppose 5*k = -2*i - 20, 0 = -2*k - 2*i + 3*i - d. Calculate g(k).
27
Let b(y) = y**3 - 4*y**2 - 6*y + 1. Let h be b(5). Let p(f) = -58*f - 7. Let j(t) = -115*t - 12. Let g(u) = -j(u) + 2*p(u). Calculate g(h).
2
Let p(y) be the first derivative of y**5/20 - 13*y**4/12 + 5*y**3/3 + 25*y**2/2 + 39*y - 50. Let n(j) be the first derivative of p(j). What is n(12)?
1
Let p(m) = 146*m + 140*m - 437*m + 147*m + 2*m**2 + 2 - m**3. Let v be (3/6)/((-4)/(-16)). Calculate p(v).
-6
Let c = 54 - 49. Suppose 2*l - 5*l = -2*f - 19, 5 = 3*l + c*f. Suppose 3*w = 3*q - l*q - 6, 1 = 3*q + 2*w. Let o(z) = -z**3 + 5*z**2 - 2*z + 1. Give o(q).
13
Let o(u) be the second derivative of -1/3*u**3 - 7/2*u**2 - 30*u + 0. Let b be -4*(-2 + 21/6). What is o(b)?
5
Let x(j) = -16*j - 28. Suppose -15*g - 242 = -152. Determine x(g).
68
Suppose 0 = -4*h - 32 - 32. Let t be h/20 + (-340)/(-50). Let n(f) = -4 - 6*f + 0 + f**2 + 0. Calculate n(t).
-4
Let q(p) = -2*p**3 + 11*p**2 - 2*p - 13. Let v(g) = -10*g**2 - 30*g + 5. Let a be v(-3). Calculate q(a).
2
Let g(o) = 6*o + 38. Let a(l) = l**2 + 62*l - 6. Let y be a(-62). What is g(y)?
2
Let i(o) = -o**2 - 4*o - 3. Let c be i(-3). Suppose c = -47*d + 40*d + 84. Let w(m) = m**3 - 11*m**2 - 12*m. Give w(d).
0
Let z(h) = -35*h**3 - 176*h**2 - 7*h - 8. Let j be z(-5). Let g(l) = 4 + 2*l + l**2 - 4. What is g(j)?
8
Let v(c) = 5*c + 4. Let z = 43 - 141. Let w = z + 101. Calculate v(w).
19
Let c(s) = s**3 - 17*s**2 + 8. Let y(f) = -f**2 - 6*f + 54. Let g be y(-10). Let n be 25/175 - (-236)/g. What is c(n)?
8
Let k = 177 + -170. Suppose 8*u = k*u - 8. Let j(i) = -i**2 - 12*i - 4. What is j(u)?
28
Let l(k) be the first derivative of -4*k - 122 - 1/2*k**2. Calculate l(-8).
4
Suppose -5*t - 10 = d, -3*d = -8*t + 3*t + 10. Let a(y) be the first derivative of y**4/4 + 2*y**3 + 7*y**2/2 + 3*y + 3438. Determine a(d).
-7
Let o(l) be the second derivative of l**4/12 + l**3/6 + 3*l**2/2 + 683*l. Suppose 2*u = 3*u - 2. Suppose 0 = -q - u*q. Determine o(q).
3
Suppose -4*k = 4*y - 96, 4*y = 5*k - 31 + 82. Let d(c) = c + 1. Give d(y).
20
Let o(y) be the third derivative of -y**6/120 - y**5/12 + y**4/3 - y**3 - 2442*y**2. Calculate o(-6).
-18
Let j = -3 - -3. Let k(u) be the second derivative of u**4/12 - u**3/3 + u**2 + 4433*u - 1. Give k(j).
2
Let b(y) = -3*y + 2. Suppose 3*u + 2*l = 334, u - 4*u + 330 = 3*l. Let h = 128 - u. Suppose 7*j + h = -0*j. Give b(j).
8
Let l(r) = 5 + 25 + 5 - 3*r**2 + 7 - 2*r + 0*r. What is l(4)?
-14
Let d(i) = 2*i**3 - 5*i**2 + 9*i - 10. Let n be d(2). Let b(x) = -2*x + 4. Give b(n).
-4
Let q(g) = g**3 - 5*g**2 - 3*g - 3. Let y = -39 - -43. Suppose 5*d - 30 = -3*h + d, y*d = 12. What is q(h)?
15
Let h(m) = 5*m**2 - m. Let r(l) = -l**3 + 32*l**2 + 33*l - 1. Let n = -286 + 319. Let o be r(n). Determine h(o).
6
Let n(m) be the second derivative of -11*m**3/2 - m**2/2 - 232514*m. Let c be ((-2)/4 - 0)*2. Give n(c).
32
Let a(q) = -13 + 124*q - 381*q + 119*q + 124*q. Calculate a(3).
-55
Let f(m) = -5*m**2 + 5*m + 4. Let c(s) = -s**2 + s + 1. Let a(d) = -6*c(d) + f(d). Let w(n) = n - 11. Let l = 60 + -52. Let z be w(l). What is a(z)?
10
Let b = 67 - 49. Let p be 40/b + 7/((-126)/4). Let u(r) = -6*r**2 + 4*r**2 + p - 2*r + 2*r**2 - 2*r**2. Determine u(2).
-10
Let l(f) = -10*f - 11. Let n be l(-4). Suppose 5*r = -n + 79. Let d(x) = x - 12. Calculate d(r).
-2
Let h(v) = -3*v - 2*v + v + 5*v - 8. Let s = 20 + -20. Suppose s = 3*y - 7 - 14. Calculate h(y).
-1
Let a(r) = -6*r - 6. Let b(g) = 59*g**2 + 466*g - 46. Let q be b(-8). Give a(q).
-18
Suppose 47*k - 195 = 8*k. Let t be 1/k*(8 + -3 - 0). Let z(b) = 4*b + 2. Give z(t).
6
Let l(g) = -70*g - 62. Let q be l(-1). Let n(k) = k**3 - 10*k**2 + 19*k - 17. What is n(q)?
7
Let g(b) = 8*b + 6*b + b**2 + 1 - 9*b. Suppose 3*n + 225 = 4*a, 0*a + 2*a = 4*n + 100. Let x be (a/(-4))/5*1 - 1. Determine g(x).
-3
Let w(n) = 52*n - 198. Let b(x) = -16*x + 66. Let d(c) = -10*b(c) - 3*w(c). Calculate d(16).
-2
Let m be (-87)/116*128/(-12). Let x(c) = -3*c**2 + 25*c - 8. What is x(m)?
0
Let b(j) = -j**2 + 6*j + 9. Suppose 3*t - y = -6*y + 5, -5*y + 20 = 0. Let w be 59 + 0 + t - 2/(-2). Let u be -3*w/(-15) - 4. Determine b(u).
2
Suppose g - 5 = -t, -5 - 6 = -g - 4*t. Suppose 3*k = 5*m + 56, -8*k = g*m - 4*k + 22. Let n(u) = -u**2 - 12*u - 11. What is n(m)?
9
Suppose 2*u - 9*t + 6*t + 26 = 0, 3*u - 5*t + 42 = 0. Let a(l) = -2*l**3 - 5*l**2 + 10*l + 24. Give a(u).
32
Let t = -7414 + 7422. Let h(d) = 7*d - 53. Determine h(t).
3
Let o(n) be the second derivative of n**3 - 33*n**2 + 4323*n. Determine o(9).
-12
Let a(o) = -2*o - 35. Let t be a(-19). Suppose -t*m - 4*k = -m + 30, 0 = -2*m + k - 5. Let g(w) = w**3 + 5*w**2 - 2*w - 5. Determine g(m).
5
Let z(l) = l**3 + 21*l**2 - 22*l - 20. Let v = -35495 - -35473. Give z(v).
-20
Suppose -c + 7*c + 24 = 0. Let a(z) = 1. Let s(y) = 3. Let p(d) = 2*a(d) - s(d). Let f(l) = l**2 + 6*l - 5. Let w(g) = f(g) - 3*p(g). What is w(c)?
-10
Let q(n) = n**3 + 2*n**2 - 14*n - 5. Let z(x) = -412*x + 6595. Let w be z(16). Give q(w).
-2
Let l(v) = -13*v + 113. Suppose -3*i = a - 9, 6*a - 2*i = 3*a + 27. Determine l(a).
-4
Let d(g) = -g - 2. Let s be d(3). Let q(j) = -6*j**2 - 361353754*j**3 + 361353753*j**3 - 4*j - 7 + 0. Give q(s).
-12
Let c(g) = -g**2 + g + 1. Let w(t) = -7*t**2 - 11*t - 16. Suppose -34*k + 22*k + 12 = 0. Let r(l) = k*w(l) - 6*c(l). Calculate r(-15).
8
Let n = 257 + -257. Suppose 5*m - p + 23 = 0, m + 5*p + n*p - 11 = 0. Let l(a) = a + 8. Calculate l(m).
4
Let h(y) = -16*y**2 - y. Let d be (-12)/(-9)*39/13. Let s = -5 + d. Calculate h(s).
-15
Suppose -7*v - 5*v = -28*v. Let l(w) = -4*w**2 + 2*w - 67. Give l(v).
-67
Let c be 5 + (-2 + 2 - 2). Let r(n) = -7 + 5*n - n**3 + 2 - 2*n**2 + c. Let x be (-81134)/565 + 143 + (-1 - (-24)/(-10)). Calculate r(x).
10
Suppose -11*m - 1430 = -22*m. Let s(u) = 3 + 4 + m*u - 133*u - u**2. Determine s(-7).
-21
Let q = 56 - 53. Suppose 4*p + 4 = -4*u, -4*p - 2*u + 3 = -q. Let x(z) = -5*z + 40*z**2 + 4*z - 47*z**2 - z**3 - p - 2. What is x(-7)?
1
Let f(w) = 156*w + 105. Let p(l) = -97*l - 70. Let h(c) = -5*f(c) - 8*p(c). Calculate h(12).
-13
Let y = 8997 + -9009. Let b(a) = -5*a - 23. Determine b(y).
37
Suppose 0 = 4*g + 726 - 730. Let t(p) = 16*p - 13. What is t(g)?
3
Let y(x) = -4 + 5 + 2404*x**3 - x - 2405*x**3. Let o(n) = -3*n**3 + 5*n**2 - 3*n + 5. Let l(t) = o(t) - 2*y(t). What is l(5)?
-2
Let j = 165 + -46. Let f(s) = -1 + j*s**3 - 63*s**3 + 2*s - 60*s**3. Suppose 0 = -8*u + 5*u + 3. What is f(u)?
-3
Let z(a) = -a**3 - a**2 - 55. Suppose 30 = 52*n - 49*n. Suppose -6*s = n*s + 26*s. Give z(s).
-55
Let u = 1485 + -1480. Let k(w) = 2*w**2 - 10*w + 6. Calculate k(u).
6
Let q(o) = 4*o**3 - 3*o**2 + 2*o - 1. Let j = -74 + 67. Let g = 10 + j. Suppose -8 = -g*w + k, -2*k + 4 = 3*w + w. Calculate q(w).
23
Suppose 173*b - 204 = -3145. Let l(f) = f**3 + 19*f**2 + 28*f - 96. Calculate l(b).
6
Let b = 24978 + -24977. Let m(o) = -9*o**2 + 6*o - 6. Calculate m(b).
-9
Suppose -138 + 2049 = -34*n + 181*n. Let s(g) = -4*g - 24. Let i(d) = -5*d - 25. Let c(v) = -5*i(v) + 6*s(v). Give c(n).
-6
Let h(u) = -6*u + 5. Suppose 0 = -3*r - 4*c, 4*r + 4*c + 4 = 2*r. Suppose 7*t + r - 18 = 0. Determine h(t).
-7
Let t(y) = -6*y**2 - 31*y + 62. Let x be t(-7). Let o(g) = g**2 + 13*g - 19. Give o(x).
11
Let z = -2 + 1. Let t(v) be the second derivative of v**3 - v**2/2 - 37423*v. Give t(z).
-7
Let y(s) be the second derivative of -s**5/20 + 67*s**2/2 + 1739*s. What is y(0)?
67
Let s(f) = -f**2 + 3*f. Let l = 295 + -293. Let h(x) be the second derivative of x**4/12 - x**3/3 - 4*x. Let o(j) = l*s(j) + 3*h(j). Give o(1).
1
Let h(f) = 2*f**2 + f. Suppose b = -5*u + 23, 2*u = -2*b + 18 - 12. Determine h(b).
6
Let h(z) = -z + 4. Let o be h(0). Let k be -4*3/(-48)*o. Let b be (18 - 0)/(-3)*k. Let g(d) = d**3 + 5*d**2 - 6*d - 1. What is g(b)?
-1
Let r(j) be the first derivative of -j**2 + j + 110. Let y(i) = -i**2 + 8*i - 8. Let g(o) = 4*r(o) + y(o). Determine g(3).
-13
Let g(i) be the second derivative of 1/6*i**3 + i**2 + 0 + 13*i + 1/12*i**4. Calculate g(4).
22
Let w(q) = -q**2 - 15*q + 44. Suppose -5*n - 105 = 5*g, 4*g + 5*n + 28 =